12
-5 + 17 + 1 + -33
-20
Calculate (-14 - -10) + -9 + (-1 - -7).
-7
What is the value of (6 - 2) + -4 - -13 - (-1 - -4)?
10
What is -1 - (-25 + 7 + 7 + 4) - -8?
14
What is 35 + -32 - (12 + 1)?
-10
-23 + 8 + (41 - 3) + -4
19
What is -14 + (5 - -20 - 20)?
-9
What is 2 - (-49 + 44 - ((-3 - 2) + 1))?
3
What is 19 + (4 - 72) + 32?
-17
What is the value of -13 + 15 - -6 - ((-13 - 0) + 0)?
21
What is the value of (-1 + -1 - (20 + (2 - 21))) + -3?
-6
Calculate 6 - (-3 - 7) - 15 - (-3 + 1).
3
Calculate -18 - -4 - (-5 + (1 - 5)).
-5
Evaluate (21 - 0) + (-18 - (18 + -26)).
11
What is the value of -1 - -17 - (-9 - (-30 + 5 + 11))?
11
Evaluate -3 - 2 - (4 - 0 - (19 + -14)).
-4
(1 - 1 - (240 + -232)) + -2 + 30
20
Calculate 7 + (8 - 19) - 2.
-6
5 + -15 + 5 + (9 - 6)
-2
What is (-3 - -5) + (-14 - -27) - 4?
11
What is -1 + (0 - -12) - -5 - 5?
11
-3 + -7 + 3 + 10
3
Calculate -10 + -10 + 11 + 6.
-3
What is the value of 12 - 11 - 6 - (8 - (5 - 5))?
-13
What is 30 + -8 + -18 + 6 + 10?
20
What is the value of (-9 - (28 - 79)) + -34?
8
Calculate (-34 - -38) + 1 + -2.
3
What is the value of -14 - -12 - (5 - (5 + -1))?
-3
(-18 - 3) + 30 - (-3 - -22)
-10
What is 8 + (9 + -21 - -4) - (9 - 0)?
-9
Evaluate (7 - 4) + 4 - (-5 + 6 + 13).
-7
Evaluate (33 - (46 + 11)) + 2.
-22
2 + 6 + (-69 - -50)
-11
6 + (-1 + (-1 - 0 - -5) - 23)
-14
146 + -162 - (2 + -2 + -5)
-11
What is the value of -3 - (-3 + (-7 - -4 - -9))?
-6
-6 + 2 - 0 - (31 - 17 - 12)
-6
Calculate (-70 - -73) + -2 + 0 + -2.
-1
What is -3 + (3 - 13) + 0?
-13
-12 + 4 + 5 - -9
6
Evaluate -11 - (10 + -6 + (-8 - -1)) - -16.
8
Calculate 11 + (-19 - -13) + -3.
2
(6 - 1 - (8 + -4)) + -56 + 30
-25
What is -1 - -1 - (60 + -21)?
-39
Calculate 0 + -3 + 0 + (16 - 17).
-4
What is the value of -6 - ((-3 - -1) + -5) - (-10 - 3)?
14
What is (-9 - 2 - -2) + (-56 - -60) - -19?
14
Calculate (-1 + 4 - 6) + 12.
9
Calculate 372 + -384 - (1 + -53) - 13.
27
What is -24 - 1 - (-71 + (-9 - -64))?
-9
Evaluate -24 + 1 + 27 + -19.
-15
9 - (1 + -4 - ((-6 - 24) + 31))
13
Evaluate -28 + (-97 + 111 - (1 + 7)).
-22
What is the value of 10 + ((-3 - 5) + 3 - (-5 - -33))?
-23
Calculate 1 + -14 - (903 + -939).
23
Evaluate 33 - 12 - ((-2 - 0) + 200 + -186).
9
What is 33 - 11 - 3 - (6 + 0)?
13
What is the value of (-14 - -7) + -1 + 7 + 1?
0
What is 19 - (-41 - -42 - -51)?
-33
What is the value of 19 - 7 - (6 - -6)?
0
Evaluate -3 + (1 - (7 + 5)).
-14
Evaluate 79 + -75 - (21 + 1).
-18
Calculate (-17 - -11) + -8 - (-5 - 1 - -1).
-9
Calculate 6 - (9 + -11 + 18) - -15.
5
What is the value of 27 + -4 + -1 - (-29 + 31)?
20
Calculate 22 - 2 - (21 + -8 + -7).
14
Calculate 6 + (-6 + -2 - -3) + 10.
11
(29 - -27 - 65) + 0 + -1 + 3
-7
Calculate 1 - 24 - ((12 - -17) + -32).
-20
Evaluate (-7 - -1 - -5) + -34 - (-10 + 6).
-31
What is the value of -5 + ((-4 - 4) + -1 - -5)?
-9
Calculate -7 - (-48 + 42 - (-3 + 2 + -1)).
-3
Evaluate 1184 + -1218 - (-7 - (4 - 2)).
-25
Evaluate -11 + 12 + -8 + -5 + -8.
-20
(-5 - (3 - 4)) + 4 + (29 - 8)
21
(-11 + 10 + (6 - -1) - 15) + -3
-12
((-9 - 1) + -1 + 4 - 0) + 15
8
-20 - (17 + (-23 - 7))
-7
Evaluate 27 - ((-40 - -39) + (2 - 1) + 0).
27
Calculate 12 - 5 - (6 - (2 - -2) - 0).
5
Calculate -11 - ((24 + -28 - (0 + 0)) + 4).
-11
25 - (16 + 1 + 3)
5
What is the value of 20 - ((-4 - -2) + 27)?
-5
Evaluate -5 - 1 - -2 - (18 + -21 - 18).
17
Calculate 16 - 7 - (-4 + 6 + -6 + 9).
4
What is 1 + -10 - ((26 - 9) + -56)?
30
10 - (-4 - -13 - -11)
-10
Evaluate -3 + 8 + -10 + -1 + 14 + 18.
26
What is the value of (-36 + 41 - (1 + -2)) + (3 - 1)?
8
1 + -5 + (19 - ((14 - -36) + -20))
-15
Calculate (13 - -2) + -49 + 27 + 31.
24
Evaluate (-4 - 2 - 12) + 28.
10
Calculate -2 + -17 + 4 - -21.
6
Calculate -1 - -4 - (-25 + 12 - -16).
0
What is -7 + 16 + -9 - -11 - (40 - -1)?
-30
-2 - (-35 - -14) - (6 - (1 - 2))
12
What is -142 - -129 - (-13 + 0)?
0
What is 6 + -2 + (159 - 152)?
11
What is -29 - (-6 + -11 - -1)?
-13
What is the value of (-17 - -13 - 19 - -16) + 11?
4
Calculate -15 - (12 + 23 - 11).
-39
What is the value of 25 - 0 - (30 - (17 - -3))?
15
What is the value of -111 - -73 - (-7 - 1)?
-30
What is (8 + -3 - -12) + -6 - (4 - -25)?
-18
What is the value of (-1 - 0) + (-73 - -76) + -1 + -1?
0
What is the value of -1 + 8 + 1 + 7 + 0?
15
Evaluate 6 + -9 + (8 - 7).
-2
What is the value of (-16 - -6) + (17 - 11) - (1 - 14)?
9
What is 25 + (-27 - -14 - -11)?
23
What is -17 + (21 + 38 - 27)?
15
Calculate 5 + 3 + -14 + (2 - -7).
3
What is the value of -2 + (1 - -8) + -13 + -8 + 6?
-8
What is -6 - -6 - (-13 + 2 - -16)?
-5
What is (40 + 9 - 47) + (-12 - 2)?
-12
What is the value of (10 - 7) + (2 - -6) + 2 + -7?
6
Calculate -1 + -6 + 129 + -117.
5
What is the value of -4 + 10 + -31 + 41 + (1 - 40)?
-23
What is 17 - (0 + -3 + (3 - (18 - 6)))?
29
What is -448 - -451 - ((0 - 1) + 14)?
-10
-5 + 4 + (-11 - -9) - -5
2
What is 3 + 1 + -3 - (0 - (4 - -1))?
6
What is the value of 16 + -17 + 2 + 5 + -1?
5
11 - (25 + -12) - 6
-8
17 - (-3 + 14 + -4)
10
Calculate -4 - (-6 + (-11 + 13 - 6)).
6
What is 64 + -70 + -6 + -1?
-13
Evaluate (-1 - -6) + (-29 - 1) + 22.
-3
What is (-20 - -41) + 9 + -9?
21
What is the value of -50 + 18 + 17 + -1 + 28?
12
Evaluate -1 - (-4 + -5 + 8 - (1 - 1)).
0
What is the value of -14 - -3 - 0 - (44 + (-23 - 24))?
-8
Calculate 1 + (2 - (0 + 6)) + -4649 + 4633.
-19
What is 2 - (3 - (4 - 2) - 7)?
8
Evaluate -10 - ((-27 - -34) + 3 + -11).
-9
(-3 - 35 - -42) + 1 + -6 + 0
-1
What is the value of -1 + 5 + 1 - (-29 - (3 - 42))?
-5
What is 20 + -27 + (15 - -9)?
17
What is 10 + -19 + -15 + 14?
-10
What is -5 + 2 + -13 + 8?
-8
Evaluate -89 + 85 + (25 - 0) - (-1 - -5).
17
(118 - 126) + (-9 - -2) + 1
-14
What is (27 - -8) + -21 + -11?
3
What is the value of -26 + -32 + (-17 - -78)?
3
What is (6 + -5 + -7 - 2) + 30?
22
3 - ((-7 - ((7 - -3) + -10)) + 8)
2
What is -2 + (-2 + -14 - -28 - (-3 - -1))?
12
What is 7 - 2 - 6 - (-10 + 6)?
3
What is -2 - (1 + -2 + -2 + 13 + -4)?
-8
-4 - ((-6 - 0) + 1 + -5 + 0)
6
What is the value of -9 + 1 + -5 + (9 - 10)?
-14
(-7 - 1 - (-158 - -163)) + -17
-30
1 - 2 - (13 + -9 - -7)
-12
What is -4 + 3 + 2 + -15 + -3 + 11?
-6
What is the value of -209 + 210 + (0 + -4 - -1)?
-2
Evaluate 5 - (22 + (-5 + -7 - -8)).
-13
Calculate 30 - (39 + -36 - 2).
29
Calculate -7 + -6 + (23 - 1) + 10 + -3.
16
Calculate 8 - (-10 - -49 - 26) - (0 + -13).
8
What is the value of (-3 + -1 - 13 - -5 - -6) + 13?
7
What is the value of (-13 - (2 - 19)) + -18 + 2?
-12
2 - 16 - (-8 - -2) - -30
22
What is (-1 - -5) + (33 - 36) - 3?
-2
-2 + -10 + -16 + -5 + 5
-28
Evaluate (29 - 18) + -7 + -16.
-12
What is the value of (3 - 2 - 0 - (12 + -14)) + -14?
-11
Evaluate (8 + -17 - -7) + -7.
-9
What is the value of (-62 - -26 - -20) + 3 + -1?
-14
What is the value of -10 - (3 - (14 - 8)) - -18?
11
What is the value of 9 + (-11 - 19) + (7 - 1)?
-15
2 + (-172 - -186) + (-2 - -3) + -1
16
Evaluate (3 - 13) + (3 - -6) + 2.
1
What is 12 - (-6 + 30 - 6) - (0 - 8)?
2
What is the value of -9 + (7 - (13 + -17)) - -11?
13
What is the value of (66 - 48 - 26) + (-10 - 1)?
-19
What is -2 + 3 + -8 + 6 - (4 - -11)?
-16
What is -16 - (3 + -14 - -1) - (-1 + 7)?
-12
What is -26 - (-10 + -7) - (-3 - 6)?
0
Evaluate (-193 - -188) + (-2 + 0 - -15).
8
Calculate (8 - 1) + 1 - 17 - -16 - 20.
-13
-2 - (-11 - ((3 - -8) + -9))
11
What is the value of (-1 - -3 - 2 - -5) + (-17 - -1)?
-11
Evaluate (16 - -2) + (25 - 54).
-11
What is (5 - -10) + -4 - 21 - 9?
-19
Calculate 29 + -1 + -88 - -48.
-12
What is -19 + 23 + 7 + 4 + (3 - -3)?
21
(-10 - -6 - -17 - 14) + (1 - 1)
-1
What is the value of 30 + 10 + -21 + 12 - (12 + -7)?
26
What is the value of 13 + (-4 - 14) + (17 - 31)?
-19
What is -4 + 51 + -33 + (-1 - 13)?
0
What is 7 + 1 + -8 + 8?
8
Calculate 83 + -74 + (-2 - (2 + -2)).
7
Calculate 1 + -6 - (-53 + 49) - -12 - 2.
9
7 + (-4 - 6 - -16)
13
-9 + 9 + 9 + (-1 - -3) + 11
22
What is the value of 13 + (-13 - (1 - 1))?
0
What is 6 + (3 - 34) - -31?
6
What is (6 - 17 - -10) + 15?
14
21 + (-49 - -5) - 2
-25
What is the value of -9 - ((-18 - -13) + 1)?
-5
Calculate 5 + 2 + -3 + 2 + 2.
8
Evaluate 13 + 13 + -33 + (21 - 2).
12
Evaluate 9 + (6 - 11) + 3 - 11.
-4
Evaluate -24 + (23 - -52) + -36.
15
-19 - (-28 - -10 - -10 - -26)
-37
What is the value of (9 - (-6 + (11 - -1))) + 7 + -19?
-9
What is the value of -8 + 0 + 3 + 4 + -2